b - 92. What is o(5)?
-132
Let j(y) = -140*y + 4170. Give j(30).
-30
Let i(h) = -13*h + 184. Give i(13).
15
Let k(f) = -1083*f - 46560. Determine k(-43).
9
Let x(g) = -g**3 - g**2 + g + 4. Determine x(4).
-72
Let m(s) = -29*s**2 + 122*s - 4. What is m(4)?
20
Let a(z) = -153*z**2 - 2450*z - 21. Calculate a(-16).
11
Let s(x) = -x**3 - 32*x**2 - 36*x - 145. Calculate s(-31).
10
Let n(q) = q**2 - 13*q + 49. What is n(8)?
9
Let o(i) = i**3 + 7*i**2 - 6*i - 22. Determine o(-8).
-38
Let s(r) = -r**2 + 23*r - 163. Give s(7).
-51
Let x(z) = -321*z + 1617. Determine x(5).
12
Let l(j) = -29*j + 160. Calculate l(2).
102
Let h(a) = -19*a + 136. What is h(9)?
-35
Let l(w) = w**2 - 39*w + 329. Calculate l(19).
-51
Let m(d) = 1382*d - 5532. Calculate m(4).
-4
Let v(c) = -4*c**2 - 25*c + 101. Determine v(5).
-124
Let s(r) = 3*r**2 + 93*r - 24. Determine s(-33).
174
Let z(l) = -l**2 + 51*l + 56. Determine z(0).
56
Let g(k) = -4*k**3 - 5*k**2 - 19*k - 36. Give g(-4).
216
Let c(f) = -f**3 + 24*f**2 + 232*f - 15. Determine c(-7).
-120
Let g(c) = 27*c**2 + 4182*c - 458. Give g(-155).
7
Let l(t) = -82*t**2 - t + 8. Calculate l(2).
-322
Let o(p) = -5*p**2 + 22*p - 47. Calculate o(6).
-95
Let h(b) = -3*b**2 - 264*b + 2012. Give h(7).
17
Let s(i) = -99*i - 4637. Calculate s(-45).
-182
Let u(f) = -2*f**2 - 89*f - 485. Give u(-6).
-23
Let n(p) = -p**2 - 18*p + 195. Give n(-24).
51
Let n(v) = -240*v + 2657. Calculate n(12).
-223
Let i(s) = -s**3 - 5*s**2 + 6*s + 17. Calculate i(-4).
-23
Let l(r) = -3*r**3 - 44*r**2 + 116*r - 29. What is l(-17)?
22
Let w(f) = -f**2 - 9*f + 177. Calculate w(-18).
15
Let a(h) = 5*h**2 + 42*h - 35. What is a(-9)?
-8
Let u(b) = -b**3 - 38*b**2 - 146*b + 622. Calculate u(-33).
-5
Let x(z) = -7*z**2 - 13*z + 7. Determine x(-3).
-17
Let z(a) = -a**3 - 19*a**2 + 50*a + 49. What is z(-21)?
-119
Let k(q) = -129*q + 7682. Give k(59).
71
Let n(v) = 287*v**2 + 6*v + 1. Calculate n(-1).
282
Let x(a) = 36*a**2 + 900*a - 5. Calculate x(-25).
-5
Let a(r) = -r**3 + 124*r**2 - 105*r - 2214. What is a(123)?
0
Let w(z) = -117*z**3 - 5*z + 5. Determine w(1).
-117
Let w(n) = -262*n**3 - 2*n**2 - 16*n + 19. Calculate w(1).
-261
Let r(d) = -d**3 - 4*d**2 - 3*d + 7. Determine r(2).
-23
Let l(d) = 3*d**3 - 30*d**2 - 7*d + 1. Determine l(10).
-69
Let n(t) = -24*t + 41. Calculate n(-13).
353
Let z(h) = -294*h + 294. Give z(1).
0
Let o(r) = r**2 - 8*r - 28. What is o(-3)?
5
Let d(v) = v**2 + 5*v - 23. Calculate d(-18).
211
Let b(k) = k**2 + 24*k - 125. What is b(-28)?
-13
Let n(z) = -z**3 + 6*z**2 - 10*z - 31. Calculate n(4).
-39
Let q(x) = x**3 - 8*x**2 + 2*x + 47. Give q(6).
-13
Let i(u) = -2*u**3 + 38*u**2 - 42*u - 40. Give i(18).
-148
Let n(f) = 6*f**2 + 63*f + 456. Calculate n(-10).
426
Let f(y) = -y**2 - 15*y + 432. Determine f(-30).
-18
Let w(u) = u**3 - 100*u**2 + 1825*u - 119. What is w(76)?
-43
Let y(p) = p**3 - 10*p**2 + 28*p - 20. Give y(8).
76
Let n(g) = g**3 - 6*g**2 - 165*g + 689. Determine n(4).
-3
Let r(k) = 212*k + 933. What is r(-4)?
85
Let u(a) = 3*a**2 + 27*a - 13. Calculate u(-9).
-13
Let f(b) = b**2 + 81*b + 1490. Give f(-33).
-94
Let k(i) = 92*i**3 + 3*i**2 - 3*i + 3. Calculate k(1).
95
Let j(h) = h**3 - 102*h**2 - 15*h + 1527. Determine j(102).
-3
Let q(o) = 7971*o - 47824. Determine q(6).
2
Let p(f) = 8*f**2 - 5*f + 12. Give p(-3).
99
Let c(m) = m**3 - 40*m**2 - 88*m + 142. Determine c(42).
-26
Let h(r) = 7*r**2 + 655*r + 367. Calculate h(-93).
-5
Let k(c) = -c**2 - 223*c - 658. Determine k(-3).
2
Let m(r) = -r**2 + 196*r + 3151. Determine m(211).
-14
Let j(t) = 6*t**3 + 11*t**2 + 21*t + 32. Give j(-2).
-14
Let b(u) = -u + 410. What is b(-32)?
442
Let u(q) = -151*q - 548. Calculate u(-3).
-95
Let g(p) = 6*p**2 - 36*p - 455. Calculate g(12).
-23
Let l(d) = d**2 + 4*d + 28. Determine l(-4).
28
Let b(d) = -304*d + 2677. Give b(7).
549
Let b(q) = 13*q + 355. Determine b(-24).
43
Let p(m) = 57*m - 55. Give p(1).
2
Let y(x) = -13*x + 723. Give y(55).
8
Let u(l) = -43*l**2 + 3184*l - 130. Calculate u(74).
18
Let p(q) = -27*q - 338. Give p(-13).
13
Let m(z) = -z**2 - 20*z + 286. What is m(-28)?
62
Let y(q) = -q**3 - 15*q**2 + 33*q - 47. Calculate y(-17).
-30
Let h(i) = 69*i + 7377. Determine h(-107).
-6
Let k(g) = -412*g + 51911. What is k(126)?
-1
Let d(w) = 61*w - 91. What is d(2)?
31
Let b(d) = -2*d**2 + 1744*d - 10390. Determine b(6).
2
Let a(y) = y**2 - 28*y + 267. Give a(17).
80
Let b(j) = 3*j**3 + 22*j**2 + 63*j + 36. Give b(-6).
-198
Let n(s) = s**2 - 2*s + 160. What is n(12)?
280
Let m(y) = 67167*y - 201507. Calculate m(3).
-6
Let d(x) = x**3 - 3*x**2 - 8*x - 3. Determine d(4).
-19
Let z(u) = -3*u**2 - 266*u - 181. What is z(-88)?
-5
Let t(g) = 53*g + 389. Determine t(-8).
-35
Let f(u) = u**2 + 333*u + 23684. What is f(-103)?
-6
Let b(q) = -182*q + 439. Give b(6).
-653
Let z(l) = -l**3 - 18*l**2 - 33*l - 67. Give z(-16).
-51
Let j(x) = 2*x**3 + 20*x**2 - 343*x + 60. Determine j(9).
51
Let f(i) = i**3 - 21*i**2 + 32*i + 92. What is f(19)?
-22
Let z(g) = -3*g**2 + 24*g - 38. What is z(2)?
-2
Let u(v) = v**3 - 124*v**2 - 1058*v + 263. Calculate u(132).
-1
Let m(h) = -3*h**3 - 25*h**2 - h - 8. Give m(-7).
-197
Let j(s) = 1422*s - 7172. Calculate j(5).
-62
Let p(g) = 195*g + 375. What is p(0)?
375
Let b(h) = -66*h - 637. What is b(-10)?
23
Let m(c) = -373*c**3 + 3*c**2 + 16*c - 19. What is m(1)?
-373
Let k(n) = 143*n + 571. Determine k(-4).
-1
Let q(s) = -12*s**2 + 189*s - 79. Determine q(15).
56
Let f(i) = -648*i - 10415. Determine f(-16).
-47
Let y(x) = -x**3 + 39*x**2 - 76*x - 20. Give y(37).
-94
Let v(o) = -9*o**2 + 399*o + 8467. Calculate v(60).
7
Let b(p) = p**3 - 18*p**2 - 87*p - 10. Give b(-4).
-14
Let j(v) = 43*v + 13. Determine j(-2).
-73
Let g(r) = 129*r**2 + 1294*r + 46. Determine g(-10).
6
Let x(w) = -2*w**2 - 75*w + 277. What is x(-41)?
-10
Let k(n) = -72*n**2 - 11*n - 3. What is k(-3)?
-618
Let x(r) = -r**3 + 17*r**2 + 3*r + 190. What is x(18)?
-80
Let k(z) = -736*z - 3525. What is k(-5)?
155
Let c(b) = 871*b - 1721. Give c(2).
21
Let b(a) = -64*a**2 - 8642*a - 271. Calculate b(-135).
-1
Let a(h) = h**2 + 11*h - 129. Calculate a(8).
23
Let b(a) = 3*a**2 + 34*a + 291. Determine b(-10).
251
Let z(r) = -263*r - 3683. Calculate z(-14).
-1
Let l(w) = -46*w**3 - 7*w**2 - 12*w + 1. Give l(-2).
365
Let k(a) = 603*a + 51864. Determine k(-86).
6
Let s(z) = -z**2 - 45*z + 277. Calculate s(5).
27
Let n(i) = -i**3 - i**2 - 16*i + 41. Give n(2).
-3
Let m(w) = 6*w**3 - w**2 + 4*w + 6. What is m(-2)?
-54
Let d(z) = -2*z**3 + 40*z**2 - 163*z + 10. Determine d(6).
40
Let x(j) = 4*j**2 - 92*j + 243. Determine x(3).
3
Let q(g) = 3*g**3 + 11*g**2 - 3*g + 6. Determine q(-4).
2
Let f(d) = -d**3 - d**2 + 19*d - 5. Give f(-5).
0
Let o(t) = 82*t**2 - 7543*t - 29. Give o(92).
63
Let b(n) = n**3 - 23*n**2 + 58*n - 2694. What is b(25)?
6
Let y(x) = -x**2 + 10*x - 56. Calculate y(10).
-56
Let l(r) = -r**3 + 54*r**2 - 8*r + 431. What is l(54)?
-1
Let v(n) = 9*n - 38. Calculate v(16).
106
Let h(a) = 458*a**3 - 13*a**2 + 16*a - 3. Calculate h(1).
458
Let j(c) = 2*c + 68. Give j(-1).
66
Let z(t) = 254*t - 3042. Give z(12).
6
Let i(c) = 54*c + 1843. Determine i(-34).
7
Let i(o) = 18*o - 108. Give i(4).
-36
Let f(s) = 2*s**3 + 122*s**2 - 520*s + 12. Calculate f(-65).
12
Let d(y) = y**3 - 2*y**2 + 4*y - 2. Calculate d(2).
6
Let d(p) = p**3 - 58*p**2 - 454*p - 69. Give d(65).
-4
Let d(z) = -102*z + 159. Calculate d(3).
-147
Let q(t) = -5*t - 34. What is q(4)?
-54
Let g(a) = -a**3 + 13*a**2 + 16*a + 52. Determine g(14).
80
Let f(u) = -38*u + 403. Determine f(7).
137
Let g(p) = 13*p**2 - 9*p + 71. Give g(4).
243
Let g(v) = -v**3 - 2*v**2 + 22*v - 30. Calculate g(-8).
178
Let s(v) = v**3 - 31*v**2 - 97*v - 353. Calculate s(34).
-183
Let l(o) = 4*o**2 + 98*o + 433. Determine l(-19).
15
Let k(i) = -3*i**2 - 59*i + 61. Give k(-21).
-23
Let b(q) = -9*q + 175. Give b(7).
112
Let u(o) = -477*o - 7164. Determine u(-15).
-9
Let t(u) = 8257*u + 41292. What is t(-5)?
7
Let z(j) = -21*j + 70. Give z(1).
49
Let t(o) = o**2 - 21*o + 47. Determine t(13).
-57
Let p(o) = -486*o**2 - 3881*o + 56. Calculate p(-8).
0
Let d(y) = -109*y**2 + 558*y + 9. Calculate d(5).
74
Let l(x) = x**3 + 5*x**2 - 154*x - 609. Determine l(-4).
23
Let s(a) = -a**2 - 64*a - 8. Determine s(0).
-8
Let o(r) = 